92*c**2 - c + 13. Give d(1).
-2280
Let p(h) = h**3 - 15*h**2 + 660*h - 2459. What is p(4)?
5
Let j(c) = -23*c**2 + 69*c + 369. Determine j(-5).
-551
Let a(t) = 127*t**2 + 102*t - 110. What is a(1)?
119
Let n(p) = -254*p**2 - 38096*p + 610. Give n(-150).
10
Let j(z) = 3578*z + 100186. What is j(-28)?
2
Let j(k) = k**3 - 57*k**2 + 84*k - 8224. Calculate j(58).
12
Let b(z) = -2*z**2 + 253*z + 526. Calculate b(129).
-119
Let n(l) = 1166*l + 94460. Give n(-81).
14
Let c(q) = 3*q**2 + 123*q + 1283. Determine c(-15).
113
Let j(r) = -5*r**3 + 6*r**2 - 15*r + 256. Determine j(7).
-1270
Let r(j) = j**3 - 209*j**2 - 41767*j - 2106. What is r(-125)?
19
Let p(s) = 2*s**3 + 19*s**2 - 100*s - 941. What is p(7)?
-24
Let m(b) = -505*b + 1881. Give m(3).
366
Let i(b) = -54*b**2 - 2435*b - 7049. Determine i(-42).
-35
Let v(p) = -19*p**2 - 237*p - 701. Give v(-8).
-21
Let a(i) = -74697*i + 2315535. Determine a(31).
-72
Let m(q) = -q**3 - 13*q**2 + 25*q + 384. Determine m(-6).
-18
Let q(r) = r**2 - 12281*r - 22. Give q(0).
-22
Let z(q) = q**3 - 4*q**2 + 289*q - 81. What is z(10)?
3409
Let b(m) = -150*m + 2112. What is b(16)?
-288
Let b(o) = -34*o**2 + 4753*o + 955. What is b(140)?
-25
Let j(m) = 1982*m - 22071. Calculate j(11).
-269
Let p(r) = 1045*r - 13454. What is p(13)?
131
Let o(h) = 2*h**2 + 50*h - 459. Determine o(7).
-11
Let f(r) = -242*r + 14049. What is f(58)?
13
Let x(w) = -10*w**3 + 29*w**2 - 47*w + 284. Determine x(8).
-3356
Let k(d) = -d**2 + 1847*d + 282435. Calculate k(-142).
-3
Let l(j) = -j**2 + 398461*j + 1992322. Give l(-5).
-8
Let q(a) = -a**3 + 57*a**2 - 125*a + 1482. Determine q(55).
657
Let i(n) = 172*n + 960. What is i(-20)?
-2480
Let f(z) = -9142*z - 5914871. Calculate f(-647).
3
Let s(o) = -11762*o**2 + 305819*o - 191. Give s(26).
-9
Let o(p) = -4*p**2 - 1584*p + 4. Determine o(0).
4
Let r(k) = 4*k**2 - 1680*k + 24343. Determine r(15).
43
Let z(g) = -94587*g - 172. Give z(0).
-172
Let g(z) = -1089*z - 25589. Calculate g(-23).
-542
Let z(l) = -2*l**3 + 59*l**2 + 199*l + 1108. What is z(33)?
52
Let p(q) = -q**3 + 49*q**2 - 340*q + 7. Calculate p(8).
-89
Let n(r) = 3*r**3 + 86*r**2 - 275*r - 9377. Determine n(-28).
-109
Let j(p) = 55*p + 3375. Give j(-37).
1340
Let i(d) = -280964*d + 1966753. Calculate i(7).
5
Let q(u) = 3172*u - 12635. Give q(3).
-3119
Let m(r) = 3*r**3 + 27*r**2 + 101*r + 983. Give m(-10).
-327
Let g(a) = -2*a**3 + 99*a**2 - 34*a - 238. Calculate g(49).
497
Let n(o) = -o**3 + 120*o**2 + 153*o + 10800. Determine n(122).
-302
Let x(s) = 79*s**2 + 512*s - 8317. Determine x(-14).
-1
Let v(l) = 5*l**3 - 35*l**2 + 299*l - 4502. Determine v(10).
-12
Let r(j) = 7*j**2 - 27612*j - 332353. What is r(-12)?
-1
Let i(s) = 5054*s + 485143. What is i(-96)?
-41
Let d(n) = -4*n**3 + 33*n**2 + 109*n - 122. Calculate d(-4).
226
Let k(i) = -2*i**3 - 51*i**2 - 54*i - 556. Give k(-25).
169
Let d(a) = a**3 - 1321*a**2 + 371984*a + 5698. Give d(407).
0
Let l(r) = -r**3 - 9*r**2 + 227*r + 34. Determine l(-17).
-1513
Let f(k) = -1413*k**2 - 8411*k + 320. What is f(-6)?
-82
Let k(m) = 37*m**2 - 6437*m - 75495. Give k(185).
-15
Let w(v) = -6068*v - 66427. Give w(-11).
321
Let w(i) = -i**3 + 484*i**2 + 3428*i + 4426. Determine w(491).
7
Let d(s) = s**3 + 170*s**2 + 5197*s - 357. Calculate d(-130).
33
Let t(m) = 4*m**2 - 5768*m + 34466. Determine t(6).
2
Let z(i) = 34910*i - 105210. Determine z(3).
-480
Let m(u) = -u**3 - 169*u**2 + 1980*u - 70. Determine m(11).
-70
Let x(g) = -52728*g + 18. What is x(0)?
18
Let o(a) = 2*a**3 - 389*a**2 + 435*a + 27760. What is o(193)?
-32
Let r(q) = -4*q**2 - 978*q - 57259. Calculate r(-147).
71
Let c(z) = -1088*z**2 + 69634*z - 217. Give c(64).
-89
Let w(q) = -1056*q**3 - 7*q**2 + 5*q + 2. What is w(1)?
-1056
Let h(k) = 11*k**3 + 3*k**2 - 1763*k - 1760. What is h(-1)?
-5
Let r(l) = -348*l + 14875. Calculate r(42).
259
Let a(l) = -4*l**2 + 51626*l + 413270. Calculate a(-8).
6
Let t(y) = 289027*y + 10404968. What is t(-36)?
-4
Let c(x) = 69041*x - 759476. What is c(11)?
-25
Let k(z) = 1343*z - 6018. Calculate k(5).
697
Let p(j) = 305732*j + 917193. Calculate p(-3).
-3
Let z(h) = -9*h**2 + 2312*h - 15746. Calculate z(7).
-3
Let y(f) = 77*f + 1946. Give y(-36).
-826
Let v(b) = -b**2 + 915*b + 36226. What is v(-38)?
12
Let m(y) = -107*y**2 + 3346*y - 4064. Calculate m(30).
16
Let c(g) = g**2 + 7994*g + 63835. What is c(-8)?
-53
Let j(w) = 8*w**2 - 133*w - 104. Determine j(10).
-634
Let f(k) = -6*k**2 - 129*k + 532. What is f(-25)?
7
Let i(n) = -2*n**3 - 57*n**2 + 41*n + 268. What is i(-29)?
-80
Let s(m) = m**2 + 11*m - 1810. Calculate s(0).
-1810
Let j(w) = w**3 - 445*w**2 + 1771*w + 9. Determine j(4).
37
Let w(l) = l**2 - 818*l + 40653. Calculate w(53).
108
Let g(l) = -l**3 + 56*l**2 - 862*l - 5840. Calculate g(-5).
-5
Let s(f) = 424*f**2 - 164*f - 304. Determine s(-2).
1720
Let k(w) = 10176*w + 305209. Give k(-30).
-71
Let v(j) = -j**3 + 14734*j**2 - 2849449*j + 204. Calculate v(196).
8
Let c(n) = 9*n**2 + 442*n - 18551. Calculate c(27).
-56
Let h(t) = -t**3 - 794*t**2 - 293*t - 232644. Give h(-794).
-2
Let m(r) = 83*r**3 + 4*r**2 + 9*r - 2. Calculate m(-2).
-668
Let i(u) = -14*u**2 + 697*u - 701. Give i(49).
-162
Let w(x) = 802*x - 4163. What is w(5)?
-153
Let h(o) = 3903*o + 936515. Give h(-240).
-205
Let r(s) = -17509*s + 315197. Determine r(18).
35
Let t(l) = -139*l**3 - 143*l**2 + 134*l + 132. Calculate t(-1).
-6
Let a(i) = i**2 - 28*i - 65. What is a(-10)?
315
Let q(p) = -2018*p - 14113. What is q(-7)?
13
Let l(c) = -c**2 + 2149*c - 40472. What is l(19)?
-2
Let t(q) = -q**3 + 109*q**2 + 939*q - 266. Give t(117).
85
Let w(v) = -1374*v + 21596. Determine w(16).
-388
Let y(b) = -578*b + 63000. Give y(109).
-2
Let m(x) = 4*x**2 - 243*x - 2985. Calculate m(-14).
1201
Let k(h) = 383178*h + 2299066. Give k(-6).
-2
Let j(r) = -r**2 + 118*r - 3723. Calculate j(35).
-818
Let q(b) = b**2 - 4744*b + 81047. Calculate q(17).
688
Let k(l) = 46*l**2 - 10063*l + 10060. What is k(1)?
43
Let y(k) = -229*k**2 + 7328*k - 111. Give y(32).
-111
Let l(j) = 15*j**3 - 156*j - 315. Determine l(-2).
-123
Let p(c) = -179*c - 32024. Calculate p(-176).
-520
Let k(x) = 38*x**2 - 20064*x - 121747. What is k(534)?
5
Let o(p) = -5786*p - 321. Give o(0).
-321
Let l(p) = -546*p - 56947. What is l(-105)?
383
Let a(s) = -s**2 - 5732*s + 97242. Calculate a(17).
-491
Let k(m) = -8*m**2 - 25*m + 36. Calculate k(5).
-289
Let l(a) = -2*a**2 + 1043*a - 109588. Give l(146).
58
Let g(q) = 2*q**3 + 20*q**2 - 1286*q + 85. Give g(-31).
-411
Let n(b) = 28*b**3 - 202*b**2 + 38*b + 55. Give n(7).
27
Let l(t) = -8568*t - 976832. Calculate l(-114).
-80
Let g(h) = 123951*h + 2355058. Determine g(-19).
-11
Let n(q) = q**2 - 7002*q - 14028. Give n(-2).
-20
Let x(g) = 41312*g - 578424. Calculate x(14).
-56
Let h(t) = -1103*t - 10043. Determine h(-9).
-116
Let m(s) = -560123*s - 25205541. What is m(-45)?
-6
Let c(j) = -j**2 + 64233*j - 128460. What is c(2)?
2
Let l(p) = -p**2 + 73*p - 350. What is l(4)?
-74
Let k(f) = f**3 - f**2 - f - 27. Determine k(5).
68
Let l(k) = -32*k**2 - 1650*k + 4216. What is l(-54)?
4
Let i(k) = 176*k + 360. What is i(3)?
888
Let t(l) = l**3 + 128*l**2 + 355*l - 2824. Determine t(-125).
-324
Let w(f) = 1443*f + 5372. Give w(-2).
2486
Let c(q) = -201*q**2 - 10427*q + 829. Give c(-52).
-471
Let m(n) = 35*n**3 - 356*n**2 + 782*n - 10. Give m(7).
25
Let t(x) = 3*x**3 + 124*x**2 + 165*x + 222. Give t(-40).
22
Let o(i) = -3*i**2 - 8742*i - 87141. What is o(-10)?
-21
Let c(h) = h**3 - 36*h**2 + 81*h - 4385. What is c(37)?
-19
Let i(b) = -13*b**2 - 4026*b - 32014. Calculate i(-8).
-638
Let i(w) = -142*w + 20791. What is i(149)?
-367
Let k(z) = -8053*z**3 + 24161*z**2 - 8*z + 8. Determine k(3).
2
Let x(w) = w**3 - 15*w**2 - 29*w - 8. Determine x(-6).
-590
Let m(t) = -400727*t + 5209451. What is m(13)?
0
Let k(d) = 12*d**2 + 360*d + 1366. Give k(-4).
118
Let k(c) = c**3 - 15*c**2 - 2317*c + 32611. Determine k(14).
-23
Let q(z) = -6*z**3 - 68*z**2 + 17*z - 14. What is q(-13)?
1455
Let x(i) = -73*i**2 - 76*i + 17. Determine x(-4).
-847
Let d(g) = -12*g**2 - 6370*g - 277236. Determine d(-483).
6
Let z(b) = 104913*b + 104947. Give z(-1).
34
Let p(a) = 2*a**3 + 362*a**2 - 13151*a - 850. Give p(-212).
634
Let m(l) = -l**3 - 75*l**2 - 357*l - 245. Give m(-